t of v?
3
Let h be 0 + (-1)/(-3) + (-1045)/(-15). Suppose -3*n + h = 2*q - 195, 3 = -n. What is the hundreds digit of q?
1
Suppose 2*p = -19 + 95. Let b be (2 + -1)*(8 + -35). Let s = p + b. What is the units digit of s?
1
Let a = 4359 + -114. What is the tens digit of a?
4
Suppose -1855 = -2*i + r, -6*i = -8*i + 4*r + 1846. What is the hundreds digit of i?
9
Let l(i) = 3941*i**3 - i**2 + 4*i - 4. Let p be l(1). Suppose p - 778 = 17*a. What is the units digit of a?
6
Suppose -2*y + 973 + 1384 = 5*i, -5*i = -3*y + 3573. What is the tens digit of y?
8
What is the tens digit of 794/(6 - 5) - -1?
9
Suppose -4*h + 2*h - 125 = 5*k, 132 = -2*h + 2*k. Let z = h - -181. What is the hundreds digit of z?
1
Let r(z) = z**3 + 8*z**2 + 5*z - 10. Let q be r(-7). Let d be 2/3 + (-32)/12. What is the units digit of 2/(0 - d/q)?
4
Let o be (-1 - 9)*1/(-2). Suppose 2*s = -g + 19, -2*g + o*s = -0*s - 83. Suppose 0 = w - z - g, -3*w + 66 + 25 = -4*z. What is the tens digit of w?
2
Suppose -3*w = 3*w - 4728. What is the hundreds digit of w?
7
Let u be (4 - 12/(-4)) + -3. Let f(h) = 4*h - 6. Let m be f(u). Let z = m - -11. What is the units digit of z?
1
What is the tens digit of (-13)/(65/20) + 1459?
5
Let k = 223 - -872. What is the tens digit of k?
9
Suppose 16*i = 14*i + 4. Suppose -h + 63 + i = 0. What is the tens digit of h?
6
Let a = -15 - -16. What is the hundreds digit of (334 - a)*(5 - 8)/(-9)?
1
Suppose 0 = 4*i - 12, 0 = -2*g - 2*g + i + 61. What is the tens digit of (27/(-12))/((-3)/g)?
1
Let d = 6 + -9. Let t be ((-2)/(-4))/(d/6). What is the units digit of -25*t/(3 + -2)?
5
Let m(l) = -161*l + 307. What is the thousands digit of m(-25)?
4
Let o(n) = -n**3 + 4*n + 5. Let q be o(-3). What is the tens digit of -25*(1 - (-3 + 216/q))?
7
Let b(v) = -3*v**2 + 32*v - 32. Let g(k) = 4*k**2 - 33*k + 31. Let m(d) = 3*b(d) + 2*g(d). What is the tens digit of m(19)?
7
Suppose 662 = 3*u + 5*v, -11*v = -7*v + 8. What is the units digit of u?
4
Suppose -3*b - 30 = -3*i, -b - i = 4*b + 26. What is the units digit of b/39 + 870/78?
1
Let i = 0 - -4. Let j = -216 - -219. Suppose -k - 2*y + 49 = 0, -j*y - i = -1. What is the tens digit of k?
5
Suppose 4*g + 2*f - 79 - 313 = 0, 3*f = -6. Let u be (-5)/(-2) - (-32)/64. Suppose u*n - 91 = k, 5*k = 3*n + 2*k - g. What is the units digit of n?
9
Let a(y) be the first derivative of -4 - 14*y + 8*y**2 - 1/3*y**3. What is the tens digit of a(11)?
4
Suppose 0 = 19*o + 910 - 12291. What is the hundreds digit of o?
5
Suppose 5*r - 4*p - 3335 = 0, 0*r - 4*r = -3*p - 2667. Suppose -3*k + 0*f = 2*f - 401, -2*f = 5*k - r. What is the units digit of k?
1
Let t be 5 - 4 - (-2)/1. What is the units digit of 46 - -3 - (6 - t)?
6
Let w = -94 + 158. Let t = w - 29. What is the tens digit of t?
3
Suppose 4*m - 3160 = x + 3*x, 5*m - 770 = x. What is the tens digit of x/(-6)*(-24)/(-20)?
5
Suppose 6 - 14 = -4*l. Suppose l*p - 7*p = 5*b, -2*p + 35 = -5*b. Let h(j) = 6*j - 12. What is the units digit of h(p)?
8
Let f be (-62)/(64/24 - (0 - -3)). What is the units digit of (18/(-3))/((-12)/f)?
3
What is the units digit of 264/((231/(-28))/(-11))?
2
Let w be (-2)/8 - (-51)/12. Suppose -w*o - 2*h = -14, h - 3*h + 8 = o. Suppose 4*d = -o*c + 4*c - 2, 5*c - 33 = -4*d. What is the units digit of c?
5
What is the units digit of (58/(-10))/((-14)/(-42))*-45?
3
Suppose l + 3*s = -16, 0 = 3*l - 6*s + 3*s - 12. What is the units digit of (-2)/l - (7 + -2 + -331)?
8
Suppose 0 = -43*b + 42*b + 552. What is the tens digit of b?
5
Suppose -5*t + 2200 = 185. Let q = t - 255. What is the tens digit of q?
4
What is the units digit of -2 + (-120)/(-65) - 21608/(-13)?
2
Let u(f) = 2*f**2 - 5*f - 7. Let b be u(5). Suppose 13*a = b*a - 10. Suppose 0 = 3*g + 4*m - 3*m - 51, -5*g = -a*m - 96. What is the units digit of g?
8
Suppose 7*l - 19 - 23 = 0. Suppose -3*n - 4*u = -86, -l + 2 = -2*u. What is the tens digit of n?
2
Let o = 247 - -136. What is the hundreds digit of o?
3
Let i(u) = 5*u**3 - 13*u**2 + 30*u + 12. What is the hundreds digit of i(6)?
8
Suppose 5*a = -26*a + 16709. What is the hundreds digit of a?
5
Suppose -a - 5*d + 1106 = 0, 4*a - 7*a + 3357 = 2*d. What is the tens digit of a?
2
Suppose 0 = -3*t - 5*f - 50717 - 4758, 92490 = -5*t - 2*f. What is the hundreds digit of 2/(-7) - (t/(-14))/(-5)?
2
Let q(j) = 29*j**2 + 8*j - 11. Suppose 0 = 14*t - 19 - 9. What is the units digit of q(t)?
1
Suppose -5515 = -5*x - 5*v, -2*v - 12 = -6*v. What is the hundreds digit of x?
1
Let p(a) = a**2 - 5*a - 7. Let i = -3 - -9. Let k be p(i). What is the units digit of 2 - (-1*6 + k)?
9
Let m(u) = 91*u**2 - 35*u - 133. What is the units digit of m(-4)?
3
Suppose 5*y = -0*y + 425. Suppose -y*c = -84*c - 271. What is the units digit of c?
1
Suppose 0 = 35*m - 27*m - 456. Suppose 0*a - 4*a + 8 = 0. Suppose -g = -a*v + 85 + m, -v - 2*g = -81. What is the units digit of v?
3
Let m be (1 - -1) + -1 + -1. What is the units digit of (1 - (m + -2)) + 4?
7
Let w = 4 - 38. Let c = w - -57. Let p = -13 + c. What is the units digit of p?
0
Suppose 0 = m - 2*d - 372, m - 2*m - 2*d = -388. Let n = m + -171. What is the hundreds digit of n?
2
Let q(z) = -2*z - 9. Suppose -8 = 3*g + 10. Let x be q(g). What is the units digit of x/(6 - 3) - -3?
4
Let z be -1*15/3 + (-1 - -4). What is the units digit of (-2*183/(-18))/(z/(-6))?
1
Suppose -7*g + 2*g = 5*j - 1875, 3*g + 1149 = 3*j. What is the hundreds digit of j?
3
Let d = -27 + 28. Let x(s) = 67*s - 1. What is the tens digit of x(d)?
6
Let f be -3 + 7 + (2 - 2). Suppose 8*l - 68 = f*l. What is the units digit of l?
7
Suppose 4*r - 2*f - 596 = 182, 0 = -5*r - 4*f + 979. Let p = r + 36. What is the tens digit of p?
3
Suppose 3*x - 7 + 2 = m, 0 = 5*x + 2*m - 12. Suppose 2*n - 179 = 5*y, -168 = -x*n + y + 15. What is the units digit of n?
2
Suppose 17*v - 19*v + 2*t + 1812 = 0, 2*t = 4*v - 3634. What is the units digit of v?
1
Suppose -4*o + 2643 = -7*r + 12*r, -2*o = 5*r - 2649. What is the units digit of r?
1
Suppose -5*y - 7329 = -8*y + 2*p, -9758 = -4*y - 2*p. What is the units digit of y?
1
What is the hundreds digit of 1*1033 + (-6 - 72/(-12))?
0
Let m = -68 - -68. Suppose 13*x - 17*x + 340 = m. What is the units digit of x?
5
Let l = -100 - -70. Let o = 60 + l. What is the units digit of o?
0
Let m(h) = 4*h - 10. Let b(j) = 2*j**2 + 6*j + 9. Let s be b(-4). Suppose 37 = 5*f - u + 11, 2*u + s = 3*f. What is the units digit of m(f)?
0
Let w = -4698 - -7591. What is the units digit of w?
3
Let l(p) = p**2 - 2*p. Suppose -16 = x - 4*q + 8, 3*x + 20 = -q. Let o be 9/12 - 34/x. What is the units digit of l(o)?
5
Let a be (0/(3 + -2))/(2 - 1). Suppose a*l - 565 = -4*f - 5*l, 4*f - 4*l = 520. What is the hundreds digit of f?
1
Let z(v) = v - 2. Let a be z(4). What is the units digit of (a - 0)*610/20?
1
Let z = 1392 + -170. What is the units digit of z?
2
Let p(u) = -2*u**2 + 4*u - 4. Let h be p(3). Let d be 16/h*(-30)/12. Suppose -3*l - 5*z - 7 + 87 = 0, 0 = -d*l + 5*z + 60. What is the tens digit of l?
2
Let v be (-10)/(-30) + 34/(-3). Suppose -5*j = 13 - 278. Let l = j - v. What is the units digit of l?
4
Let o(i) = i**2 - 2*i + 1. Let u be o(3). What is the tens digit of (-165)/(-12) - 3/u?
1
Let b(l) be the second derivative of l**5/20 + 17*l**4/12 + 8*l**3/3 + 7*l**2/2 + 8*l. What is the units digit of b(-16)?
7
Let h = -7 - -7. Suppose -5*c = -h*c - 1070. Suppose -5*f - 9 = -c. What is the units digit of f?
1
Suppose -3*k + 80 - 324 = -2*x, 3*k + 363 = 3*x. What is the tens digit of x?
1
Let p(x) = x**2 + 2*x + 1. Let h be p(-3). Suppose 6 = -3*q, h*q + 30 = 3*o + 7. Suppose 188 = o*t - 2*d, -4*t + 3*d + 156 = -0*d. What is the tens digit of t?
3
Let o = 3 + -13. Let a be (-15)/o*(7 - -3). Suppose -3*y + a = 5*r - 4*r, -4*r + 3*y = -60. What is the units digit of r?
5
Suppose -6*m + 4623 = -11973. What is the units digit of m?
6
Suppose -3*s - 2*s = -10. Suppose -10 = -s*f - 3*f. Suppose -79 = -4*g + d, f*g - 7*d - 50 = -3*d. What is the units digit of g?
9
Suppose -2*j - 43 = 5*y + 100, 0 = -3*y - 2*j - 89. Let d = y - -30. Suppose -k = d - 55. What is the units digit of k?
2
Let w(v) = 2*v**2 - 5. Suppose 4*l - 14 = -2. What is the units digit of w(l)?
3
What is the units digit of 155 - (11/9 + (-52)/234)?
4
Suppose 5*p = -7*z + 12*